/24) is divided by 23?
19
Let o be (-7)/(-1)*(-1725)/(-805). Calculate the remainder when ((-263)/(-4) + 1)*20/o is divided by 9.
8
Let q(p) = 37*p**2 + 33*p + 123. Let v be q(-4). Suppose -v*l = -581*l - 108. Calculate the remainder when 57 is divided by l.
3
What is the remainder when 1214 is divided by (24/276 + (-696)/69)*-30?
14
Let q(s) = -s**2 + 15*s. Let z be q(14). Suppose 70 = z*a - 4*a. Suppose -a = 3*t - 25. Calculate the remainder when 23 is divided by t.
5
Suppose -281*c + 733 = -280*c - 3*d, 0 = -4*d + 20. What is the remainder when 1499 is divided by c?
3
Suppose 3*j = -3*h + 45, 0 = 2*j + 3*h + 40 - 70. Calculate the remainder when 4841 is divided by j.
11
Suppose 50*z - 24*z - 832 = 0. Suppose -p = 15*p - z. Calculate the remainder when 164 is divided by p.
0
Let l(p) = -p. Let w be l(0). Let d = -215 + 422. Suppose 2*x - 5*h = -2*h + 81, -5*x + 3*h + d = w. Calculate the remainder when x is divided by 11.
9
Let p = 5 - 0. Let d be -594 - (0 + 2) - -4. Let v = -568 - d. What is the remainder when v is divided by p?
4
Suppose 39*i + 14*i - 266112 = -115*i. Calculate the remainder when i is divided by 26.
24
Calculate the remainder when (-7)/(147/(-5202)) + 6/21 is divided by (-36)/(-162) - (-264)/27.
8
Suppose 1975 - 63 = 5*y + 3*k, 2*k - 1528 = -4*y. Calculate the remainder when y is divided by 64.
60
Suppose -3*d - 96 = -z, -4*d = 106*z - 104*z - 232. What is the remainder when z is divided by 54?
0
Suppose 520 = 5*t - 0*t. Let p = 586 - 568. Calculate the remainder when t is divided by p.
14
Let l be 267/(((-15)/(-2))/5). Suppose -2*g = -4*g + l. Let h(r) = r**2 - 5*r - 243. What is the remainder when g is divided by h(-14)?
20
What is the remainder when 910 is divided by (-16181)/(-121) - (-200)/(-275)?
112
Suppose -2*h - 2552 + 82 = -15*h. Calculate the remainder when h is divided by 185.
5
Let b(p) = 20 - 9*p + 4*p - 68. What is the remainder when b(-35) is divided by 16?
15
Let x = -8649 + 8710. What is the remainder when 7310/6 - 3/9 is divided by x?
59
Suppose -19*g + 3294 = -11982. Calculate the remainder when g is divided by 254.
42
Suppose 4*i + 5*t - 114 = 0, 2*i - t - 50 = -0*t. Let h(q) = 4*q - 62. Calculate the remainder when 164 is divided by h(i).
38
Let f be (-37908)/(-90) + (-6)/5. Suppose 14*z + 0 = f. Calculate the remainder when 58 is divided by z.
28
Suppose -41 = -2*p - 37. Suppose 3*t + 4*j = 26, 7 + 3 = p*j. Suppose t*c = 12*c - 620. Calculate the remainder when c is divided by 21.
20
Let w(i) = -4*i + 748 - 403 - 383. Suppose 3*p - 4*p = -16. Calculate the remainder when p is divided by w(-11).
4
Suppose 2*h - 33 = 27. Calculate the remainder when (16/(320/h))/((-2)/(-56)) is divided by 14.
0
What is the remainder when (2 - 9808/56)/(10/(-35)) is divided by 12?
6
Let t = -2060 - -2108. What is the remainder when 284 is divided by t?
44
Let l(q) = 4*q**2 + 2*q + 1. Let u be l(-1). Suppose z - 137 = -u*s + 5*z, 4*s = 3*z + 178. Suppose 1 = f - 10. Calculate the remainder when s is divided by f.
10
Let k(a) = -a**2 + 8*a + 113 + 5*a - 21 - 21*a. Suppose 0 = 5*j - 3*j - 32. Calculate the remainder when k(-13) is divided by j.
11
Let x(n) = -39*n - 14 + 58 - 6*n + 17*n + 19. Calculate the remainder when x(-12) is divided by 67.
64
Let l be 0/(0 + 8/8). Suppose l = 21*o - o - 5560. What is the remainder when o is divided by 70?
68
Let g(v) = 3*v**2 + v + 2. Suppose 3*j = -0*j + 5*b + 11, 4*j - 11 = 3*b. Let h be g(j). What is the remainder when 21 is divided by h + (0 + -1 - (-6)/(-3))?
8
Let m(w) = 2*w + 15. Let q be (-6 + 5 + -1)/((-4)/10). Let p be m(q). Suppose -5*z + v + 2 = -p, -18 = -4*z - v. Calculate the remainder when 6 is divided by z.
1
Let x be 6 - (-44 + -2 + -2). Calculate the remainder when (-3)/(-2)*3852/x is divided by 36.
35
Let u(j) = -167*j**2 - 1837*j + 11. Calculate the remainder when 207 is divided by u(-11).
9
Suppose -103 = -18*y + 383. Suppose 0 = 24*j - y*j + 390. What is the remainder when j is divided by 46?
38
Let p be (-1 - -3) + 3*(-2 - -1). Let w be (4 - 4)/(2/p). Suppose w = -3*v + 154 + 74. Calculate the remainder when v is divided by 39.
37
Suppose 8 = 3*g - 10. Suppose -6*k + 70*y - 6 = 67*y, -5*y + 20 = -5*k. What is the remainder when g is divided by k?
0
Let k(y) = 3*y**2 + 6*y + 7. Suppose 717798 = 874*r + 97258. Calculate the remainder when r is divided by k(-6).
78
Let u = 161 + -159. Suppose u*m - 4 = 2*w, 3*w + 2*w - 38 = -3*m. What is the remainder when 70 is divided by m?
4
Let z(t) = -28*t + 3. Let l(b) = 2*b**2 - 6*b - 1. Let o be l(0). Calculate the remainder when z(o) is divided by 11.
9
Let s be 4/(-50) + 17688/(-150). Let j = s + 247. Calculate the remainder when j is divided by 34.
27
Let m(h) = -h**2 - 31*h + 103. Let j(z) = -z**3 - 4*z**2 + 5*z + 24. Calculate the remainder when m(-19) is divided by j(-5).
19
Let k = -302 + 540. Let r = k - 128. Calculate the remainder when r is divided by 28.
26
Let k(f) = 0 - 6*f**2 - 5 - 4*f**3 + 0*f**2 - 6*f. Calculate the remainder when k(-4) is divided by (155 + 21012/(-136))*(60 - 0 - 0).
29
Let t = 36164 + -35421. Calculate the remainder when t is divided by 43.
12
Let r = 91 - 28. Let a(t) = -150*t - 728. Calculate the remainder when r is divided by a(-5).
19
Suppose 44*d = 31*d + 1677. Calculate the remainder when 390 is divided by d.
3
Calculate the remainder when 4176 is divided by ((-176932)/568)/((-14)/4).
82
Let o(h) = h**2 - 42*h + 636. What is the remainder when 703 is divided by o(27)?
10
Suppose 16*z = 2*z + 70. Suppose j = -5*p + 178, -5*j - z*p = -2*p - 890. What is the remainder when j is divided by 60?
58
Let i(m) = -26*m**3 + 3*m**2 - m - 2. Let r = -172 + 171. Let c = -37 - -148. What is the remainder when c is divided by i(r)?
27
Suppose -3*a - b = -17, -a + 4*b = -5*a + 36. Let w be ((-14)/7)/(a/(-2)). Calculate the remainder when 1/3*(174 + 3)*w is divided by 10.
9
Let d(o) = 177*o + 5916. Calculate the remainder when 1215 is divided by d(-33).
15
Let m(n) = -n**3 - 14*n**2 - 6*n + 23. Let x be m(-7). Let c = 348 + x. Calculate the remainder when c is divided by 15.
10
Suppose -2*z + 2225 = 5*x - 7320, 4773 = z + 2*x. What is the remainder when z is divided by 12?
11
Suppose -306*y + 322*y = 656. Calculate the remainder when 77 is divided by y.
36
Let y(x) = -15*x**2 - 257*x + 9. What is the remainder when y(-15) is divided by 149?
42
Let p = -5 - 41. Let f be -3 + (-164)/(-12) + (-2)/3. Calculate the remainder when (-4)/f + 39/(-65) - p is divided by 18.
9
Suppose -3*t = -y + 5*y - 177, -3*y = 2*t - 118. Let c = -422 + 452. What is the remainder when t is divided by c?
29
Let x(u) = u**2 - 10*u - 46. Let m be x(14). Suppose -6*f - m*f = -144. What is the remainder when 106 is divided by f?
7
Suppose -100*x = 69*x - 248261. Calculate the remainder when x is divided by 42.
41
Let y(w) = -w**3 + 57*w**2 + 43*w + 156. Calculate the remainder when y(57) is divided by 30.
27
Let n(s) = 40*s + 1. Suppose 6 = 4*m - 5*b + 5, 0 = 5*m - 2*b - 14. What is the remainder when n(m) is divided by 28?
21
Let a(o) = o**3 + 15*o**2 + 13*o - 9. Let u be a(-14). Suppose 0 = u*b + 2 - 22. Calculate the remainder when 129 is divided by (-128)/(-5) - (132/(-30) + b).
25
Let o(b) = -20 + 31 - 2*b - 17. Let k(c) = -28*c + 2. Calculate the remainder when k(-1) is divided by o(-8).
0
Suppose 93*r + u = 98*r - 34, 5*u = 4*r - 65. Calculate the remainder when 459 is divided by r.
4
Let d be 24/(-30)*5/(-1). Suppose 5*h - 4*b = 24, d*b - 91 + 35 = -5*h. What is the remainder when (-57)/(-3) - (-2 - 0) is divided by h?
5
Suppose -3*s + 161 - 503 = 0. Let r = -116 - s. What is the remainder when 3 - 0 - r/(-1) is divided by 1?
0
Let d(o) = 6*o**2 - 101*o + 70. What is the remainder when d(-16) is divided by 52?
50
Let v(i) = i**3 - 17*i**2 + 15*i + 18. Let m be v(16). Suppose -6146 = -4*s - m*n, s + 2*n - 2024 = -480. Calculate the remainder when s is divided by 48.
46
Suppose 2*u = -5*g + 689, 3*g + u - 405 = 4*u. Let x = g + -113. What is the remainder when x is divided by 6?
0
Suppose -5*o = -17*k + 16*k + 47, 134 = 2*k - 2*o. Let n(s) = -s + 24. What is the remainder when k is divided by n(4)?
12
Let w(g) = -g**3 - 9*g**2 - 9*g - 12. Let c be w(-8). Let j be (-2)/(c/(2 + -4))*-337. Suppose j = 13*b - 14. What i